5*z + 2*a - 8. Suppose -4*t + 3*t + 158 = z. Let o = t + -29. List the prime factors of o.
3, 43
Let t(d) = d + 6. Let l be t(-3). What are the prime factors of 1888/l + -2 - 5/15?
3, 11, 19
Let z = 87 + -82. Suppose z*p + 3*o = 4275, 3*p + p + 2*o - 3418 = 0. List the prime factors of p.
2, 3, 71
Suppose -13*q + 2813 + 996 = 0. Suppose 0*n + n = -q. What are the prime factors of n/(4 - (5 - 0))?
293
Suppose 0*f + 7*f = 5*f. Suppose -3*z + 38 = r, 33 = r - f*r - 2*z. List the prime factors of r.
5, 7
Suppose 3*p - 39 = -l, 0 = -2*l - 3*l - 2*p + 208. Let w = l - 15. Suppose -20 + w = h. What are the prime factors of h?
7
Suppose -3*d + 1042 = -4*m, -4*d + m = -1774 + 376. List the prime factors of d.
2, 5, 7
Suppose 90*n = -122*n + 43*n + 3613389. List the prime factors of n.
3, 7127
Let u(z) = z**3 + 27*z**2 - 11*z - 89. Let x be u(-27). Let q = x - 58. List the prime factors of q.
2, 3, 5
Suppose 9*l + 204 = 12*l - 3*n, 0 = 2*l - 3*n - 135. Let m = 161 - l. List the prime factors of m.
2, 23
Suppose 0 = o + 2, -3*o - 31 - 65 = c. List the prime factors of 9/c - 7461/(-10).
2, 373
Let j(g) = -10*g**2 + 34*g + 32*g**2 - 15*g**2 + 2 - 3. What are the prime factors of j(-8)?
5, 7
Let o(l) = -195*l - 1838. What are the prime factors of o(-27)?
23, 149
Let p = 1695 + -279. What are the prime factors of ((-115)/15 + 7)/((-2)/p)?
2, 59
Let l(g) = 323*g**2 + 41*g + 16. List the prime factors of l(-3).
2, 5, 7
Let w(p) = -5*p**3 + 57*p**2 + 4*p - 3. Let n be w(9). Suppose 2*z - 648 = -4*i, -5*z - i = n - 2661. What are the prime factors of z?
2, 83
Suppose 5*o = -3*g + 14092, -5*g = 12*o - 10*o - 23512. What are the prime factors of g?
2, 3, 7
Let g = -16794 - -49825. List the prime factors of g.
17, 29, 67
Suppose -3*k = w - 8*k + 5, 2*w + 10 = 4*k. What are the prime factors of w*(-7)/((-70)/(-516))?
2, 3, 43
What are the prime factors of (-5)/((-350)/308)*860?
2, 11, 43
Let q(f) = -f**3 + 43*f**2 + 71*f + 144. What are the prime factors of q(34)?
2, 6481
Let n(y) = -y**3 + 2*y**2 + 9*y - 15. Suppose 17*c = 18*c + 7. List the prime factors of n(c).
3, 11
Suppose 65*y + 54*y = 296191. What are the prime factors of y?
19, 131
Suppose -35*p = 216032 - 213553 - 718859. List the prime factors of p.
2, 7, 17, 43
Suppose -3*z + s = 29, -2*z + 8*s - 19 = 7*s. What are the prime factors of ((-267)/z*6)/((-72)/(-240))?
2, 3, 89
Let v be ((-2394)/105)/((-2)/1065). Suppose -2*c = -21*c + v. What are the prime factors of c?
3, 71
Suppose -4*h + 2 = -5*n, -n + 2*h - 12 = -4*n. What are the prime factors of 13784/16 - 1/n?
3, 7, 41
Suppose 2*p - 7*u + 5*u - 30 = 0, 2*p = 5*u + 15. Suppose -23*j = 3*w - p*j - 4626, 3*w = -4*j + 4621. What are the prime factors of w?
7, 13, 17
Let h = -193 + 198. Suppose -h*d = 0, 4*d = -k - 0*k + 96. List the prime factors of k.
2, 3
Suppose -18*x + 100 = 7*x. List the prime factors of (1127/5 - -3)/(x/10).
571
Let m be (16/10)/(3*(-2)/(-30)). Suppose m*t = -18 + 50. Suppose -2*o = -4*o - 5*u + 233, 632 = 5*o - t*u. What are the prime factors of o?
2, 31
Suppose -34*t + 2*t - 464261 = -1678917. What are the prime factors of t?
2, 18979
Let p be -2*7/((-35)/(-1185)). Let q = 837 + p. What are the prime factors of q?
3, 11
Suppose 0 = -2*h - 6, 0*p + 2*p + 3*h = 22331. List the prime factors of p.
2, 5, 1117
Let h(b) = 3*b**3 - 2*b**2 - 7*b - 6. Let m be h(-1). List the prime factors of (2 - -2)*(-2 + (-190)/m).
2, 7, 13
Suppose -4*t = a - 21, 0 = -2*t - 3*a + 15 + 8. Suppose -t*l + 2*m = -1162, 0 = 5*l - 2*m - 982 - 472. Suppose -l - 128 = -5*c. What are the prime factors of c?
2, 3, 7
Suppose -15 = -k - 4*k. Suppose -4*v + b + 90 = 0, -5*v + 119 = 5*b - k*b. Let r = v - -68. List the prime factors of r.
7, 13
Let i = -4862 - -7650. What are the prime factors of i?
2, 17, 41
Suppose -8*r + 21*r = 52. Suppose u - 11 = q, 8*u + 28 = 10*u - r*q. What are the prime factors of u?
2
Suppose -11*l + 8*l = -5*m - 83, 0 = m + 7*l + 9. List the prime factors of (-1 + m)/(22/(-1672)).
2, 17, 19
Suppose -2*k + 38300 = 5*f, -341*k + 30622 = 4*f - 343*k. What are the prime factors of f?
2, 7, 547
Suppose -6*s + 39*l = 35*l - 243740, 5*s - 3*l = 203118. List the prime factors of s.
2, 3, 37, 61
Suppose -5*b = -6*b - y - 11, -2*b = -y + 19. Let p(k) = -k**3 - 10*k**2 - 4*k - 13. Let d be p(b). Let w(m) = -m + 81. What are the prime factors of w(d)?
2, 3
Suppose 4*x - 31 = -3*b, 2*x = 8*b - 11*b + 23. Suppose -b*i + 927 = -2*i - 3*w, -3*i - 5*w = -903. What are the prime factors of i?
2, 3, 17
Let n be ((-236)/(-24))/(1/6). Suppose 0 = a - 3*w - 101, a - w - 162 = -n. Let q = a - 71. List the prime factors of q.
3, 11
Let k be (-32)/(-8)*(-15)/(-4). Let c(d) = 23*d + 86. What are the prime factors of c(k)?
431
Let u = 24 - 7. Suppose 2*n - 4*i = n + u, -2*i = -5*n + 85. Suppose -w + 4*s + 27 = -n, 2*w - 5*s = 97. List the prime factors of w.
2, 7
Suppose -2*x + 46878 = 3*w, -2*w + x + 28230 + 3022 = 0. List the prime factors of w.
2, 13, 601
Let p = -14084 - -20243. List the prime factors of p.
3, 2053
Let n(h) = 69*h**2 + h - 2. Suppose -5*v = 2*p + 3*p - 20, 5*p - 18 = -4*v. List the prime factors of n(p).
2, 3, 23
Suppose -f + 945 = -654. Let w = f - 1025. Suppose 0 = 10*o + 154 - w. What are the prime factors of o?
2, 3, 7
Let o(k) = -7*k**2 - 33*k + 16. Let f be o(-5). Suppose 0 = i - 2*n - 493, 3*i + f*n = n + 1534. List the prime factors of i.
503
Let u(w) = w**3 + 6*w**2 + 4*w + 1. Let p be u(-5). Let m(g) = g**3 + 13*g - 5. List the prime factors of m(p).
17
Let c = -433 - -994. Let d be (-1208)/((-64)/8)*-2. Let f = c + d. List the prime factors of f.
7, 37
Suppose k = -2*h + 106, -3*k + 15 = -3*h + 156. Let c = -41 + h. List the prime factors of (-100)/(-6) + c/(-15).
2
What are the prime factors of 22/(770/(-2331))*-150?
2, 3, 5, 37
Let n be (-68)/8*(3 + 1). Let f = n + 33. Let b(h) = -51*h - 4. List the prime factors of b(f).
47
Let y be 2 - 1 - -3 - (-3 + 103). Let c = y + 96. Suppose c = -2*m + 5*m - 5*d - 53, 3*d = -2*m + 67. What are the prime factors of m?
2, 13
Let g(x) = 19*x + 1. Let b be g(1). Suppose 9*f + 3 = -33. What are the prime factors of (-1 + -16)/(f/b)?
5, 17
Let s = -404 - -651. Suppose 3*y - 395 = 5*r, -5*r = -2*y + s + 23. List the prime factors of y.
5
Suppose 4*t - 22787 = -5*a, -a - 22769 = 47*t - 51*t. List the prime factors of t.
5693
Let g(v) = -v**2 + 27*v - 31. Let r be g(20). Suppose -5*f = -r - 1566. Let d = -139 + f. List the prime factors of d.
2, 7
Let s = -2799 - -9393. List the prime factors of s.
2, 3, 7, 157
Suppose 5*o - 660 - 47 = 3*k, -4*k - 294 = -2*o. Suppose -o*r = -140*r + 49. Let m = 91 + r. List the prime factors of m.
2, 5, 7
Let b = 4342 + -4342. Let r = -345 - -491. What are the prime factors of b + -1*(-4)/(8/r)?
73
Let x = -14 + 16. Suppose x*g - 576 = -g. Suppose -6*i + 8*i = g. What are the prime factors of i?
2, 3
Let o be -5 + 1 + (-2 - -3). Let y be -314*o/6 + 0. Suppose 0*a - 3*w = -a + 59, 3*a - 4*w - y = 0. List the prime factors of a.
47
Let v = -1427 + 12660. List the prime factors of v.
47, 239
Let k(j) = 12*j + 163. Let m be k(-6). List the prime factors of (m/(-3))/(((-76)/72)/19).
2, 3, 7, 13
List the prime factors of ((-4)/46 - (-36841980)/1380) + -3.
2, 3, 1483
Let c be 212*(-5)/(-1 - -11)*1. Let x = 97 - c. List the prime factors of x.
7, 29
Suppose 8*l - 268 = 5*l - 4*w, -2*l - 2*w + 182 = 0. Let i = 102 - l. What are the prime factors of i?
2, 3
Let c(t) = -2*t**3 + 290*t**2 - 212*t - 481. List the prime factors of c(143).
13, 3923
Let n = -316 + 337. Suppose 0 = n*w - 2415 - 42. List the prime factors of w.
3, 13
Suppose l - g = 1 + 1, 5*l + g - 22 = 0. Suppose 5*x = l*k - 3624, 44*k - 48*k = -3*x - 3616. What are the prime factors of k?
17, 53
Suppose -5*u + 52 = 2*b, 4*u + 2*b - 17 = 23. Let l be ((-100)/7 - -2)/(7/(-98)). Suppose -u*p + l = -8*p. What are the prime factors of p?
43
Let q = 2187 - 2254. Let z be 1 - 135 - (0 + 0). Let k = q - z. What are the prime factors of k?
67
Suppose 81 = -26*p + 35*p. What are the prime factors of p + -4 - 5 - -119*1?
7, 17
What are the prime factors of (-24698 - 1)/((-442)/442)?
3, 8233
What are the prime factors of (-14*(2 + 24/(-7)))/((-26)/(-18551))?
2, 5, 1427
Suppose c = -5*x + 268, -20 = -x - c + 32. Let b be (-